5/60 + m**4/6 + m**3/6 - 9*m**2. Calculate a(y).
-4
Let n(a) be the second derivative of -a**5/20 - a**3/6 + 6*a. Let p(i) = i**3 + 8*i**2 + i + 8. Let j be p(-8). Give n(j).
0
Let c(j) be the third derivative of j**4/6 - 5*j**2. Let l be 2 + -1 + 1 + 1. Suppose p + f = l, -3*p + f = -f + 11. Calculate c(p).
-4
Let b(x) = 2*x - 3. Let v be b(4). Let i(t) = 104*t. Let j(f) = 16*f. Let a(m) = v*i(m) - 32*j(m). Let l be (-15)/(-9) - 2/3. Determine a(l).
8
Let n(q) = -q + 1. Let y be (2 - 3)/(-1 - 0). Give n(y).
0
Let p(v) be the third derivative of 0*v - 5/6*v**3 - 1/60*v**5 - 3*v**2 + 0 - 5/24*v**4. What is p(-4)?
-1
Let m(c) be the second derivative of -2*c - 1/12*c**4 - 1/6*c**3 - 11/2*c**2 + 0. Calculate m(0).
-11
Let i(j) = j + 3. Let f be i(-3). Suppose f = -x + 6*x. Let v(y) = -y - 2. Determine v(x).
-2
Let r(l) = 6*l + 1. Suppose -3 = -4*j + 9. Suppose -6*z + j*z - 3 = 0. Determine r(z).
-5
Suppose -2*c + 15 = 5. Suppose 5*y - 5*n = 10, 2*y + c*n + 6 = 3*y. Let s(b) = 5*b**2 - y + b**3 + b**3 - 3*b - 3*b**2 - b**2. Determine s(-2).
-7
Let s = 8 - 6. Let l(u) = 5 + 5 - 3*u**2 + s*u**2. What is l(0)?
10
Let k(o) = -2*o**2. Let l be (-24)/9 - 6/(-9). Calculate k(l).
-8
Let k(x) be the second derivative of x**4/12 + 5*x**3/6 - x**2 - 3*x. Let z(d) be the first derivative of k(d). Determine z(-5).
-5
Let t(x) = -1422 + 1422 + 9*x**3 - 21*x**3. Determine t(1).
-12
Let p(i) = -i**3 - 3*i**2 + i - 1. Let u(v) = v**2 - 7*v + 3. Let z be u(7). Suppose -6*x = -z*x + 12. Calculate p(x).
11
Let b be -1*(-1)/2*0. Suppose b*u - 12 = 3*u. Let d(n) = 4*n**2 + 8*n + 2. Let v(s) = -3*s**2 - 7*s - 1. Let l(r) = -2*d(r) - 3*v(r). Determine l(u).
-5
Let v(a) = -4 - 15*a + 18*a + 1. Let f = 3 - 2. Let d be -4*(-1)/(f - -1). Give v(d).
3
Let z(v) be the first derivative of 4 - v**2 + 1/12*v**4 + v + 5/6*v**3. Let m(q) be the first derivative of z(q). Calculate m(-6).
4
Let c = 4 + -2. Let q(u) = 2*u + c*u + 0*u + 1. Determine q(3).
13
Let f be (0 + 2)*(-35)/10. Let r be -3 + (-2)/(2/f). Let s(p) = 0*p + 4*p + p - 1 - r*p. Determine s(5).
4
Let x(v) = v**3 - 4*v**2 + 4. Let l(r) = r**2. Suppose -3*d - m = -4, -4*m - 4 = 5*d - 20. Let j be l(d). Suppose -2*y + 6 = -j. Determine x(y).
-5
Let i(l) be the second derivative of -l**3/2 + 3*l**2 + 6*l. Suppose 0 = 4*t - 4*s - 16, -5*t + t - 5*s = -16. Give i(t).
-6
Let s be (54/(-45))/((-2)/5). Let q(i) = i + 2. Determine q(s).
5
Let v(y) = 2*y**2 + y. Let k be v(1). Let j(c) be the first derivative of 0 - c**2 + k*c + 2 + c. What is j(5)?
-6
Let y(j) = j + 10. Let g be y(-8). Let a(b) = -b + 1. Calculate a(g).
-1
Let x(z) = 123*z - 123*z - 3*z**2 - 1. Calculate x(-1).
-4
Let u(c) = 5*c - 4. Let o(d) = -6*d + 5. Let q(k) = -4*o(k) - 5*u(k). Let s(y) = 5 - 5 + y. Let n be s(-1). Calculate q(n).
1
Let k(q) = 9*q - 1. Let c be 10*(-3 - 17/(-5)). Let v(x) = -8*x. Let p(o) = c*v(o) + 3*k(o). Suppose 0*g - 10 = 5*g. Determine p(g).
7
Let m be (-1 - -2)/((-2)/16). Let r be 4/m - (-6)/4. Let o(k) be the second derivative of k**4/3 + k**2/2 - k. Give o(r).
5
Let u(v) = v**3 + v + 3. Suppose -2*m = 5*n + 1 - 21, n + 9 = -3*m. Suppose 5*p + 12 = 4*x, -4*p + n*x - 3*x - 9 = 0. What is u(p)?
3
Suppose w + 8 = 4. Let r = 8 + w. Let h(p) = 3*p + 3*p + p**3 - 1 - 2 - 5*p**2. Give h(r).
5
Suppose -5*z - 2 - 3 = 0. Let u(r) = 4*r**3 + 1. Let c be u(z). Let v be (-2)/c*30/4. Let n(f) = -f**3 + 6*f**2 - 7*f + 5. Determine n(v).
-5
Let x(i) = 2*i**2 + 5*i + 3. Let u be x(-3). Suppose 2*j = c + 10, -3*j + j - 3*c - u = 0. Let l(v) = 3*v**2 - 3*v - 2*v**j + 3 + 3*v**3 + v. Determine l(-4).
-5
Let w(l) be the first derivative of 0*l - 1/24*l**4 - 1/120*l**6 - 1/120*l**5 + 0*l**2 + 3 - l**3. Let g(o) be the third derivative of w(o). Determine g(-1).
-3
Let q be (10 - 7)*(2/(-3) - 0). Let o(i) = 2*i + 3. What is o(q)?
-1
Let q(r) = r - 1. Let x = -17 - -12. Give q(x).
-6
Let j(g) be the first derivative of g**3/3 + g**2/2 - 4*g + 7. Determine j(-3).
2
Let g(w) = 5*w - 14. Let h(s) = 3*s - 7. Let u(x) = -6*g(x) + 11*h(x). Determine u(-5).
-8
Let b(y) be the first derivative of -y**5/30 - y**4/4 - y**3/2 - 3*y**2/2 - 2. Let x(w) be the second derivative of b(w). Calculate x(-4).
-11
Let o be (-3)/(-9) - 8/(-3). Let v(l) = l - l**o + 2 + 0 - l**2 + 3*l**2. Let d(f) = f**3 + 5*f**2 + 5*f + 6. Let g be d(-4). Determine v(g).
4
Let d be 44/(-8) - 6/4. Let o(p) = -p**3 - 9*p**2 - p. Let w(t) = -2*t**3 - 17*t**2 - 2*t - 1. Let a(v) = d*o(v) + 4*w(v). Give a(-5).
1
Let m(j) be the first derivative of -3*j**2/2 + 7*j + 1. Let s be (8 + 0)/8 + 5. Calculate m(s).
-11
Let l be (-4 - 88/(-20))*10. Let n(i) = i**3 - 4*i**2 + 5. Determine n(l).
5
Suppose -4*u + 3*q + 7 = 0, -4*u + 4*q + 7 = -5. Let d(y) = 3*y**2 + 1. Calculate d(u).
13
Let q(z) be the second derivative of z**4/12 - z**3 + 3*z**2 - 4*z. Calculate q(4).
-2
Let r be 0/3*1 + 2. Let i = r - 7. Let o(b) = -b**2 - b + 1. Let a(n) = -n**3 - n**2 - n + 8. Let l(w) = i*o(w) + a(w). Determine l(5).
-2
Let n(i) = -2*i - 2. Let c be -2*(-2 - 10/4). Suppose 21 = -3*u + c. Determine n(u).
6
Let h(o) = o**3 - o**2 - o + 6. Suppose -10 = -4*q - 3*k + 4*k, -q - 2 = 2*k. Suppose -2*d + q = 4. Let u = 1 + d. Calculate h(u).
6
Let c = -1 + 3. Let i(l) = 4*l**2 + 0*l**2 - c - 3*l**2. Calculate i(-2).
2
Suppose -4*z - 3 = -5*t, -z - 4*z + 3*t - 7 = 0. Let o(u) = 2*u**3 + 2*u**2 + 2*u + 1. What is o(z)?
-11
Let t(y) = -3*y**2 - 1360 + 4*y**2 - 11*y + 1365. Determine t(11).
5
Let u(v) be the third derivative of -v**6/120 + 7*v**5/60 - v**3/2 - 3*v**2. Give u(7).
-3
Let z(y) = y**2 - 5*y - 2. Let c be z(6). Let n(x) = 3*x - 6. Calculate n(c).
6
Let l(p) = 2*p - 7. Let x = 132 + -127. Calculate l(x).
3
Let j = 832/3 + -275. Let z(h) be the first derivative of -j*h**3 - 1 + 0*h**2 + 0*h. Calculate z(1).
-7
Let g(i) = -i**2 + 11*i - 14. Let v be g(10). Let b be v*(3 - 45/12). Let z(q) be the second derivative of q**4/12 - q**3/2 - 2*q**2 + q. Give z(b).
-4
Suppose 0 = -d + 11*d + 90. Let f(m) = 3*m + 8. Give f(d).
-19
Suppose -3*s + 3*d - 6 = 0, -s - 3*d + 4 = 2. Let w(f) = -13*f - 6. Let l(c) = 12*c + 5. Let p(t) = 5*l(t) + 4*w(t). Give p(s).
-7
Let y(l) = -l - 4. Let m be y(2). Let p(f) = -f**3 - 6*f**2 + 3. Give p(m).
3
Let i(g) = -4*g + 7. Let d(v) = -5*v + 8. Let y(p) = 6*d(p) - 7*i(p). Give y(1).
-3
Let o(w) = -1 + 3*w + 15*w**2 - 4*w**2 - 3*w. Give o(1).
10
Let p(i) be the second derivative of i**5/20 - i**4/12 + 8*i. Give p(1).
0
Let b(c) = 9*c - 2 + 1 - 2 - 8*c. Determine b(-8).
-11
Let n(a) be the third derivative of -a**5/12 + 2*a**2. Let t = -2 + 5. Suppose 0 = t*k - 0*k + 3. Calculate n(k).
-5
Suppose -36 = 5*a - m, 2*a = -5*m - 9 - 0. Let h(l) = -l**2 - 8*l - 10. What is h(a)?
-3
Suppose -4*g + 2*n = -8, -3*g + n + 0 = -6. Let p = -25 - -15. Let t(c) = -1. Let h(d) = -d + 2. Let a(k) = p*t(k) - 5*h(k). Calculate a(g).
10
Suppose 5*c - 16 = 3*c. Let m = 4 - c. Let i(l) = 2*l + 3. Give i(m).
-5
Suppose 0 = 2*n - 3*i - i + 2, -2*i + 16 = 4*n. Let r(d) be the third derivative of -d**4/12 + 2*d**3/3 - d**2. Determine r(n).
-2
Let d be (-1)/(-2)*(5 + 7). Let i(q) = -q**2 + 6*q - 4. Give i(d).
-4
Let q(c) = c**3 - 5*c**2 - 7. Let t(h) = h**3 - 3*h**2 - 4. Let w(f) = -4*q(f) + 7*t(f). Suppose 0 - 4 = 4*p. Calculate w(p).
-4
Let n(p) = -p**3 + 11*p**2 + 2*p - 19. Let k be n(11). Let u = 31 + -14. Suppose -2*a + 4*z + 17 = -a, u = -k*a - 5*z. Let r(l) = -3*l + 1. What is r(a)?
-2
Let z(g) = -g**2 + 4*g - 5. Let i(f) = 2*f - 14. Let n be i(12). Let u = -6 + n. Determine z(u).
-5
Let l(f) be the first derivative of f**2/2 - 5*f + 5. Let a(p) = -p + 1. Let s be a(-3). Determine l(s).
-1
Let a(b) = 43 - 77 - 10*b + b**2 + 40. What is a(4)?
-18
Let j(r) be the first derivative of 0*r**2 - r**2 + 5*r - 2*r + 5*r - 7. Calculate j(7).
-6
Let u(w) = 2 - 1 - 2 - 4*w. Let h be (1 - 5) + -16 + 17. What is u(h)?
11
Let n(x) = 10 - 4*x - 4 - 6. Calculate n(1).
-4
Let y(w) = 3*w**2 + 5*w + 1. Let b(h) = 16*h**2 + 28*h + 6. Let c(d) = -2*b(d) + 11*y(d). Let z = 3 - 5. Calculate c(z).
5
Suppose 2 = 2*t + 4. Let z(b) be the first derivative of 11*b**4/4 - 2*b**3/3 + b - 2. Calculate z(t).
-12
Let g be 3/9 + (-5)/(-3). Suppose -3 = -5*t - g*u + 16, 4*t + 2*u = 16. Let r(d) = -t*d**3 + 4*d**3 + d**2 + d**3. Determine r(1).
3
Let p(a)